.
5
Suppose o + 98 = 3*o. Calculate the remainder when o is divided by 13.
10
Let n = -3 + 14. Suppose -5*p = 5*b - 85, -5*b - 63 = -4*p + 41. What is the remainder when p is divided by n?
10
Suppose -6*w + w - 2*r = -305, -5*w + 2*r = -325. What is the remainder when w is divided by 22?
19
Let h = 7 - -3. Let q = 35 - h. Suppose 4*y + q - 125 = 0. What is the remainder when y is divided by 13?
12
Let z(p) = 44*p + 22. What is the remainder when z(3) is divided by 26?
24
Suppose 4*m - 28 = -4*i, i - 5*m = 2*i + 9. Calculate the remainder when 41 is divided by i.
8
Suppose a - 235 = -4*n - n, -n + 5*a = -21. Suppose 5*f = -n + 171. Calculate the remainder when 47 is divided by f.
22
Let v(j) be the third derivative of 5*j**4/24 - 2*j**3/3 - 2*j**2. Let n be v(-4). Let r = -15 - n. What is the remainder when r is divided by 3?
0
Let x(g) = -14*g**2 - g - 1. Let k be x(-1). Let n = k - -53. Calculate the remainder when n is divided by 20.
19
Suppose -2*b - 8 = 0, 4*a + b = -b + 144. Let n = 7 + -5. Let v(q) = 2*q**3 - 2*q**2 + 2*q + 1. What is the remainder when a is divided by v(n)?
12
Suppose 0 = -113*f + 114*f - 105. Calculate the remainder when f is divided by 27.
24
Suppose -6*o + 2*o + 4*k = -28, -5*o - 2*k + 7 = 0. What is the remainder when 7 is divided by o?
1
Let a(k) = -k**2 - 3*k + 3. Suppose 28 = 7*q - 3*q. Suppose 4*s - t + q = -10, 0 = 5*s + 2*t + 5. Calculate the remainder when 4 is divided by a(s).
1
Suppose -2*x - 48 = -q, 0*q - 3*x = -q + 49. What is the remainder when q is divided by 17?
12
Let y(f) = -f**2 + 8*f + 2. Let n be y(8). What is the remainder when 6 is divided by 7/n - 2/(-4)?
2
Let x be 78/65 + 4/5. Suppose 0 = 2*a + p + 3 - 16, -x*a = 3*p - 11. Suppose 3*n - 2*n - 13 = 0. Calculate the remainder when n is divided by a.
6
Let u = -11 - -19. Suppose u + 5 = w. Calculate the remainder when 36 is divided by w.
10
Suppose j = -4*k + 51, k + 0*j = 3*j + 29. What is the remainder when k is divided by 6?
2
What is the remainder when 130/4 - 2/(-4) is divided by 12?
9
Let z = 0 + 95. Calculate the remainder when z is divided by 24.
23
Let k(p) = -p**3 - 4*p**2 - 3*p + 1. Suppose 5 = 7*o - 2. What is the remainder when k(-3) is divided by o?
0
Suppose 3*i - 4*i + 29 = 2*v, -2*v + i + 27 = 0. Calculate the remainder when 25 is divided by v.
11
Let k = 32 + -16. Calculate the remainder when 31 is divided by k.
15
Suppose 0*m + 33 = -3*m. Let v = -4 - m. Calculate the remainder when 27 is divided by v.
6
Let o(u) = 2*u**2 - 22*u + 1. Let x(z) = -z**2 + 11*z. Let b(k) = -6*o(k) - 11*x(k). Suppose -3*s = -19 - 17. What is the remainder when b(7) is divided by s?
10
Suppose 0*j = -j + 3. Suppose -j*x - 16 = -5*x. Suppose k - 21 = -7. Calculate the remainder when k is divided by x.
6
Suppose 4*s - 260 = -5*f + 237, 0 = -4*f + 20. Let a = 28 - -50. Let i = s - a. Calculate the remainder when i is divided by 14.
12
Suppose 12 = n + 11. Let u(t) = -35*t - 2. Let v(z) = -z - 1. Let p(a) = -u(a) + v(a). What is the remainder when p(n) is divided by 12?
11
Suppose -242 = -2*z + 2*g, z + 5*g - 64 - 57 = 0. Calculate the remainder when z is divided by 41.
39
Suppose -50 = -5*z - 6*a + a, -5 = -5*z + 4*a. Let q be (-1)/(-1*1/6). Suppose 2*l = 4*l - q. Calculate the remainder when z is divided by l.
2
Calculate the remainder when 32 is divided by (-25)/15*(-2 - 1).
2
Suppose -4*k - 99 = 33. Let u = 62 + k. Let o = 183 + -168. What is the remainder when u is divided by o?
14
Suppose -c = 5*h - 5*c - 159, -74 = -2*h - c. What is the remainder when 67 is divided by h?
32
Let i(w) = 3*w**2 + 3*w - 3. Suppose -5*n = 2*o - 6*o + 693, 2*n = -2*o + 324. Suppose -o = -5*m - 22. What is the remainder when m is divided by i(-3)?
14
Suppose 2*h + 0*h = 2*x - 16, -4*x + 27 = h. Let u = x - 1. What is the remainder when -7*(-3)/u*2 is divided by 4?
3
Suppose -80 = -5*c - 5*l + 185, -l + 281 = 5*c. What is the remainder when c is divided by 15?
12
Let j = 2 + -2. Suppose 2*d + j*d = 4*k - 258, 2*k = -4*d + 124. Suppose 5*n = n + k. What is the remainder when n is divided by 9?
7
Let b = -8 - -49. Suppose -w - t - b = -4*w, 22 = 2*w + 2*t. Calculate the remainder when w is divided by 7.
6
Suppose 0 = -0*y + y. Let m(r) = 2*r**2 - 4*r + 3. Let v be m(2). Suppose 2*z = y, 10 + 4 = f - v*z. What is the remainder when 41 is divided by f?
13
Suppose 8 - 2 = -3*f. Let p = f - -36. Calculate the remainder when p is divided by 18.
16
Let y be ((-1)/3)/((-1)/12). Calculate the remainder when 34 is divided by y/(-30) - 411/(-45).
7
Let i = 4 - -5. Suppose -3 = -2*t - 2*s + 13, 2*t + 5 = 5*s. What is the remainder when i is divided by t?
4
Suppose -2*q + 54 = 4*g, -q = -2*g - g + 48. Suppose 2*v - g = -5. What is the remainder when v is divided by 2?
1
Let h = -5 + 5. Suppose 3*w - 3*m = h, -w = -2*w - 3*m + 20. Calculate the remainder when 19 is divided by w.
4
What is the remainder when 0/(2 - 4) + 29 is divided by 16?
13
Suppose -12*g + 4*g = -288. Calculate the remainder when g is divided by 19.
17
Suppose 2*z - 13 = 5*v, 2*z + 3*v - 17 = 4*v. Calculate the remainder when z is divided by 6.
3
Let q be (1/(-2))/((-1)/4). Let i = q + 0. Suppose -i - 9 = -j. Calculate the remainder when 31 is divided by j.
9
Suppose -5*i + 0*i + 4*h + 64 = 0, i + 2*h - 24 = 0. Calculate the remainder when 63 is divided by i.
15
Let x(y) = -y**3 - 27*y**2 - 56*y - 34. Calculate the remainder when x(-25) is divided by 60.
56
Suppose -3*m - 4*u + 5 = 0, -m + 3*m + 4*u = 2. Suppose 0 = -t - m*t + 52. Calculate the remainder when t is divided by 5.
3
Let c be (12/(-7))/((-1)/42). Let h be ((-4)/(-6))/(16/c). Let x(b) = -b**3 + 5*b**2 - b + 2. What is the remainder when 32 is divided by x(h)?
15
Suppose 0*l = -3*l + 3, 0 = -4*o + 4*l + 80. Calculate the remainder when o is divided by 12.
9
Suppose g = -g. Suppose g*h = 3*h - 15. Suppose -4*v = -3*p + 33, -p + 16 = -4*v + h. What is the remainder when 20 is divided by p?
9
Let s = 149 + -30. What is the remainder when s is divided by 30?
29
Let u = -5 + 14. Let s = u + 5. Calculate the remainder when 41 is divided by s.
13
What is the remainder when 26/(-52)*3*-22 is divided by 9?
6
Suppose -w - 4 = -3*w. Let v be (8/w)/(4/(-10)). Calculate the remainder when 26/4*-1*v is divided by 22.
21
Let c = 18 + -6. Let a = 17 + -1. Let p = 39 - a. What is the remainder when p is divided by c?
11
Let s be (-2)/(-2) + -4 + 6. Suppose -s*d - 2*d = -195. What is the remainder when d is divided by 14?
11
Suppose 10*c = 14*c - 168. Calculate the remainder when c is divided by 11.
9
Let q(j) = j**3 + 11*j**2 + 10*j + 7. Calculate the remainder when 34 is divided by q(-10).
6
Suppose -3*f = -12*f + 99. What is the remainder when 42 is divided by f?
9
Let r(w) = w + 1. Let j be r(3). Suppose -j*b - 11 = -71. What is the remainder when -58*3/(-12)*2 is divided by b?
14
Let w(p) = 2*p + 18. What is the remainder when w(6) is divided by 11?
8
Let o(m) = -m**3 + 6*m**2 - 4*m - 7. What is the remainder when 34 is divided by o(4)?
7
Suppose 41*i = 39*i + 356. What is the remainder when i is divided by 36?
34
Calculate the remainder when 9 is divided by (-12)/(-9)*18/4.
3
Let t(k) = 17*k. What is the remainder when t(1) is divided by 6?
5
Let z(y) = 2*y**2 + y + 2. Let h be z(-2). Let o = -5 + h. Calculate the remainder when o is divided by 2.
1
Suppose 0 = i - 3*i + 3*j + 84, -2*j + 229 = 5*i. Calculate the remainder when i is divided by 8.
5
Let n = 14 - -3. Calculate the remainder when n is divided by 1 + 8 + 0/(-2).
8
Let g(o) = -o**3 - 8*o**2 - 7*o + 7. What is the remainder when g(-7) is divided by 4?
3
Let g(o) = -o**3 - 13*o**2 + 3*o + 27. What is the remainder when g(-14) is divided by 26?
25
Suppose 20*n + 30 = 23*n. Suppose -4*u = -14 - 102. Calculate the remainder when u is divided by n.
9
Let j(r) = r**3 - 13*r**2 - 12*r + 16. What is the remainder when 87 is divided by j(14)?
43
Let q(r) = -3*r - 18. What is the remainder when q(-14) is divided by 14?
10
Suppose -p - p + 8 = 0. Suppose 5*q - 390 = 5*f, -7*q + 2*q - p*f = -381. What is the remainder when q is divided by 26?
25
Let y(x) = -x**3 + 7*x**2 - 4*x - 3. Suppose 0 = -16*d + 15 + 225. Calculate the remainder when y(4) is divided by d.
14
Let g(o) = o**2 + 10*o - 7. Let i be g(-11). Suppo